{"id":2410,"date":"2014-08-20T15:08:53","date_gmt":"2014-08-20T14:08:53","guid":{"rendered":"http:\/\/blenderhilfe.de\/?post_type=product&#038;p=2410"},"modified":"2022-10-12T12:40:56","modified_gmt":"2022-10-12T11:40:56","slug":"visual-effects-mit-blender","status":"publish","type":"product","link":"https:\/\/blenderhilfe.de\/?product=visual-effects-mit-blender","title":{"rendered":"Visual Effects mit Blender"},"content":{"rendered":"<p><iframe loading=\"lazy\" title=\"Visual Effects mit Blender 3D - Tutorial DVD (deutsch)\" width=\"980\" height=\"551\" src=\"https:\/\/www.youtube.com\/embed\/HWp0v0onJMk?feature=oembed\" frameborder=\"0\" allow=\"accelerometer; autoplay; clipboard-write; encrypted-media; gyroscope; picture-in-picture\" allowfullscreen><\/iframe><\/p>\n<p><strong>Erfahre alles \u00fcber die m\u00e4chtigen Film- &amp; VFX-Tools in Blender!<\/strong><br \/>\nLerne Blenders Toolset kreativ einzusetzen und zu kombinieren, um so jeden denkbaren visuellen Effekt in deinen Videos und Filmen umsetzen zu k\u00f6nnen.<br \/>\nAuf den beiden randvollen DVDs findest du alles was du f\u00fcr die Video- oder Filmproduktion brauchst.<\/p>\n<h3>Themen<\/h3>\n<ul>\n<li>digitale Filmproduktion mit Blender 3D<\/li>\n<li>Camera Tracking, Motion Tracking, Object-Tracking, Match Moving<\/li>\n<li>Set-Extensions, Virtual Sets, Set Reconstruction<\/li>\n<li>Matte Painting, Compositing<\/li>\n<li>Greenscreen, Keying, Masking, Rotoscoping<\/li>\n<li>Videoschnitt, Colorgrading<\/li>\n<li>viele Tipps, Tricks rund um Blender, Filmproduktion und VFX<\/li>\n<\/ul>\n<h3>kostenlose Hilfe per Mail<\/h3>\n<p>Wenn du w\u00e4hrend des Trainings Fragen hast oder Hilfe brauchst, stehe ich per E-Mail f\u00fcr deine Fragen zur Verf\u00fcgung. <strong><br \/>\n<\/strong><\/p>\n<h3>Tutorial-\u00dcbersicht<\/h3>\n<h4>Kapitel 1 &#8211; Visual Effects Grundlagen<\/h4>\n<table style=\"border-collapse: collapse; border: 1px solid #999;\" border=\"1\">\n<tbody>\n<tr>\n<td style=\"background-color: #c8c8c8; padding: 0px; height: 29px;\" width=\"87%\">Tutorial 1 &#8211; Blender installieren und einstellen<\/td>\n<td style=\"background-color: #c8c8c8; padding: 0.1em 1em; height: 29px;\" width=\"100px\">11 min<\/td>\n<\/tr>\n<tr>\n<td style=\"background-color: #c8c8c8; padding: 0px; height: 29px;\" width=\"87%\">Tutorial 2 &#8211; Greenscreen Grundlagen<\/td>\n<td style=\"background-color: #c8c8c8; padding: 0.1em 1em; height: 29px;\" width=\"100px\">17 min<\/td>\n<\/tr>\n<tr>\n<td style=\"background-color: #c8c8c8; padding: 0px; height: 29px;\" width=\"87%\">Tutorial 3 &#8211; Greenscreen Keying<\/td>\n<td style=\"background-color: #c8c8c8; padding: 0.1em 1em; height: 29px;\" width=\"100px\">8 min<\/td>\n<\/tr>\n<tr>\n<td style=\"background-color: #c8c8c8; padding: 0px; height: 29px;\" width=\"87%\">Tutorial 4 &#8211; Tracking Einf\u00fchrung<\/td>\n<td style=\"background-color: #c8c8c8; padding: 0.1em 1em; height: 29px;\" width=\"100px\">6 min<\/td>\n<\/tr>\n<tr>\n<td style=\"background-color: #c8c8c8; padding: 0px; height: 29px;\" width=\"87%\">Tutorial 5 &#8211; Tracking Bildstabilisierung<\/td>\n<td style=\"background-color: #c8c8c8; padding: 0.1em 1em; height: 29px;\" width=\"100px\">16 min<\/td>\n<\/tr>\n<tr>\n<td style=\"background-color: #c8c8c8; padding: 0px; height: 29px;\" width=\"87%\">Tutorial 6 &#8211; Objekt-Tracking-Devices<\/td>\n<td style=\"background-color: #c8c8c8; padding: 0.1em 1em; height: 29px;\" width=\"100px\">3 min<\/td>\n<\/tr>\n<tr>\n<td style=\"background-color: #c8c8c8; padding: 0px; height: 29px;\" width=\"87%\">Tutorial 7 &#8211; Masking, Rotoscoping<\/td>\n<td style=\"background-color: #c8c8c8; padding: 0.1em 1em; height: 29px;\" width=\"100px\">20 min<\/td>\n<\/tr>\n<tr>\n<td style=\"background-color: #c8c8c8; padding: 0px; height: 29px;\" width=\"87%\"><a style=\"display: block; margin: 1px; width: 100%; height: 100%;\" href=\"https:\/\/blenderhilfe.de\/?p=1428\" target=\"_blank\" rel=\"noopener noreferrer\"> Tutorial 8 &#8211; Videoschnitt mit Blenders Video Editor <img src=\"https:\/\/blenderhilfe.de\/ftp_uploads\/kostenlos.png\" alt=\"\" align=\"right\"><\/a><\/td>\n<td style=\"background-color: #c8c8c8; padding: 0.1em 1em; height: 29px;\" width=\"100px\">35 min<\/td>\n<\/tr>\n<tr>\n<td style=\"background-color: #c8c8c8; padding: 0px; height: 29px;\" width=\"87%\"><a style=\"display: block; margin: 1px; width: 100%; height: 100%;\" href=\"https:\/\/blenderhilfe.de\/?p=1380\" target=\"_blank\" rel=\"noopener noreferrer\"> Tutorial 9 &#8211; Infos zu Opensource, Opencontent, Creative Commons <img src=\"https:\/\/blenderhilfe.de\/ftp_uploads\/kostenlos.png\" alt=\"\" align=\"right\"><\/a><\/td>\n<td style=\"background-color: #c8c8c8; padding: 0.1em 1em; height: 29px;\" width=\"100px\">15 min<\/td>\n<\/tr>\n<tr>\n<td style=\"background-color: #c8c8c8; padding: 0px; height: 29px;\" width=\"87%\">Tutorial 10 &#8211; Bildsequenzen und Audio vorbereiten<\/td>\n<td style=\"background-color: #c8c8c8; padding: 0.1em 1em; height: 29px;\" width=\"100px\">11 min<\/td>\n<\/tr>\n<tr>\n<td style=\"background-color: #c8c8c8; padding: 0px; height: 29px;\" width=\"87%\">Tutorial 11 &#8211; Bildsequenzen verwalten<\/td>\n<td style=\"background-color: #c8c8c8; padding: 0.1em 1em; height: 29px;\" width=\"100px\">3 min<\/td>\n<\/tr>\n<tr>\n<td style=\"background-color: #c8c8c8; padding: 0px; height: 29px;\" width=\"87%\">Tutorial 12 &#8211; Denoising<\/td>\n<td style=\"background-color: #c8c8c8; padding: 0.1em 1em; height: 29px;\" width=\"100px\">12 min<\/td>\n<\/tr>\n<tr>\n<td style=\"background-color: #c8c8c8; padding: 0px; height: 29px;\" width=\"87%\">Tutorial 13 &#8211; Filmgrain generieren<\/td>\n<td style=\"background-color: #c8c8c8; padding: 0.1em 1em; height: 29px;\" width=\"100px\">5 min<\/td>\n<\/tr>\n<\/tbody>\n<\/table>\n<h4>Kapitel 2 &#8211; Visual Effects Tutorials<\/h4>\n<table style=\"border-collapse: collapse; border: 1px solid #999;\" border=\"1\">\n<tbody>\n<tr>\n<td style=\"background-color: #c8c8c8; padding: 0px; height: 29px;\" width=\"87%\"><a style=\"display: block; margin: 1px; width: 100%; height: 100%;\" href=\"https:\/\/blenderhilfe.de\/?p=1203\" target=\"_blank\" rel=\"noopener noreferrer\"> Tutorial &#8211; Roboterlandung &#8211; Teil 1 <img src=\"https:\/\/blenderhilfe.de\/ftp_uploads\/kostenlos.png\" alt=\"\" align=\"right\"><\/a><\/td>\n<td style=\"background-color: #c8c8c8; padding: 0.1em 1em; height: 29px;\" width=\"100px\">33 min<\/td>\n<\/tr>\n<tr>\n<td style=\"background-color: #c8c8c8; padding: 0px; height: 29px;\" width=\"87%\"><a style=\"display: block; margin: 1px; width: 100%; height: 100%;\" href=\"https:\/\/blenderhilfe.de\/?p=1214\" target=\"_blank\" rel=\"noopener noreferrer\"> Tutorial &#8211; Roboterlandung &#8211; Teil 2 <img src=\"https:\/\/blenderhilfe.de\/ftp_uploads\/kostenlos.png\" alt=\"\" align=\"right\"><\/a><\/td>\n<td style=\"background-color: #c8c8c8; padding: 0.1em 1em; height: 29px;\" width=\"100px\">41 min<\/td>\n<\/tr>\n<tr>\n<td style=\"background-color: #c8c8c8; padding: 0px; height: 29px;\" width=\"87%\"><a style=\"display: block; margin: 1px; width: 100%; height: 100%;\" href=\"https:\/\/blenderhilfe.de\/?p=1223\" target=\"_blank\" rel=\"noopener noreferrer\"> Tutorial &#8211; Roboterlandung &#8211; Teil 3 <img src=\"https:\/\/blenderhilfe.de\/ftp_uploads\/kostenlos.png\" alt=\"\" align=\"right\"><\/a><\/td>\n<td style=\"background-color: #c8c8c8; padding: 0.1em 1em; height: 29px;\" width=\"100px\">63 min<\/td>\n<\/tr>\n<tr>\n<td style=\"background-color: #c8c8c8; padding: 0px; height: 29px;\" width=\"87%\">Tutorial &#8211; Supermann Start &#8211; Teil 1<\/td>\n<td style=\"background-color: #c8c8c8; padding: 0.1em 1em; height: 29px;\" width=\"100px\">45 min<\/td>\n<\/tr>\n<tr>\n<td style=\"background-color: #c8c8c8; padding: 0px; height: 29px;\" width=\"87%\">Tutorial &#8211; Supermann Start &#8211; Teil 2<\/td>\n<td style=\"background-color: #c8c8c8; padding: 0.1em 1em; height: 29px;\" width=\"100px\">41 min<\/td>\n<\/tr>\n<tr>\n<td style=\"background-color: #c8c8c8; padding: 0px; height: 29px;\" width=\"87%\">Tutorial &#8211; Tiefgarage &#8211; Teil 1<\/td>\n<td style=\"background-color: #c8c8c8; padding: 0.1em 1em; height: 29px;\" width=\"100px\">54 min<\/td>\n<\/tr>\n<tr>\n<td style=\"background-color: #c8c8c8; padding: 0px; height: 29px;\" width=\"87%\">Tutorial &#8211; Tiefgarage &#8211; Teil 2<\/td>\n<td style=\"background-color: #c8c8c8; padding: 0.1em 1em; height: 29px;\" width=\"100px\">35 min<\/td>\n<\/tr>\n<tr>\n<td style=\"background-color: #c8c8c8; padding: 0px; height: 29px;\" width=\"87%\">Tutorial &#8211; Am Canyon<\/td>\n<td style=\"background-color: #c8c8c8; padding: 0.1em 1em; height: 29px;\" width=\"100px\">39 min<\/td>\n<\/tr>\n<tr>\n<td style=\"background-color: #c8c8c8; padding: 0px; height: 29px;\" width=\"87%\">Tutorial &#8211; Helikopterflug &#8211; Teil 1<\/td>\n<td style=\"background-color: #c8c8c8; padding: 0.1em 1em; height: 29px;\" width=\"100px\">45 min<\/td>\n<\/tr>\n<tr>\n<td style=\"background-color: #c8c8c8; padding: 0px; height: 29px;\" width=\"87%\">Tutorial &#8211; Helikopterflug &#8211; Teil 2<\/td>\n<td style=\"background-color: #c8c8c8; padding: 0.1em 1em; height: 29px;\" width=\"100px\">53 min<\/td>\n<\/tr>\n<tr>\n<td style=\"background-color: #c8c8c8; padding: 0px; height: 29px;\" width=\"87%\">Tutorial &#8211; Object-Tracking &#8211; Teil 1<\/td>\n<td style=\"background-color: #c8c8c8; padding: 0.1em 1em; height: 29px;\" width=\"100px\">23 min<\/td>\n<\/tr>\n<tr>\n<td style=\"background-color: #c8c8c8; padding: 0px; height: 29px;\" width=\"87%\">Tutorial &#8211; Object-Tracking &#8211; Teil 2<\/td>\n<td style=\"background-color: #c8c8c8; padding: 0.1em 1em; height: 29px;\" width=\"100px\">26 min<\/td>\n<\/tr>\n<tr>\n<td style=\"background-color: #c8c8c8; padding: 0px; height: 29px;\" width=\"87%\">Tutorial &#8211; M\u00fcndungsfeuer &#8211; Teil 1<\/td>\n<td style=\"background-color: #c8c8c8; padding: 0.1em 1em; height: 29px;\" width=\"100px\">29 min<\/td>\n<\/tr>\n<tr>\n<td style=\"background-color: #c8c8c8; padding: 0px; height: 29px;\" width=\"87%\">Tutorial &#8211; M\u00fcndungsfeuer &#8211; Teil 2<\/td>\n<td style=\"background-color: #c8c8c8; padding: 0.1em 1em; height: 29px;\" width=\"100px\">24 min<\/td>\n<\/tr>\n<\/tbody>\n<\/table>\n<h4>Kapitel 3 &#8211; Visual Effects Projektanalysen<\/h4>\n<table style=\"border-collapse: collapse; border: 1px solid #999;\" border=\"1\">\n<tbody>\n<tr>\n<td style=\"background-color: #c8c8c8; padding: 0px; height: 29px;\" width=\"87%\">Analyse 1 &#8211; 3D-Waffe &#8211; Greenscreen, Object-&amp; Camera-Tracking<\/td>\n<td style=\"background-color: #c8c8c8; padding: 0.1em 1em; height: 29px;\" width=\"100px\">8 min<\/td>\n<\/tr>\n<tr>\n<td style=\"background-color: #c8c8c8; padding: 0px; height: 29px;\" width=\"87%\">Analyse 2 &#8211; Der Blender LKW &#8211; Object-Tracking, Alpha Compositing<\/td>\n<td style=\"background-color: #c8c8c8; padding: 0.1em 1em; height: 29px;\" width=\"100px\">3 min<\/td>\n<\/tr>\n<tr>\n<td style=\"background-color: #c8c8c8; padding: 0px; height: 29px;\" width=\"87%\">Analyse 3 &#8211; Lightpaint &#8211; 2D-Tracking, Compositing<\/td>\n<td style=\"background-color: #c8c8c8; padding: 0.1em 1em; height: 29px;\" width=\"100px\">11 min<\/td>\n<\/tr>\n<tr>\n<td style=\"background-color: #c8c8c8; padding: 0px; height: 29px;\" width=\"87%\">Analyse 4 &#8211; Sternentor &#8211; Virtual 3D-Set, Compositing<\/td>\n<td style=\"background-color: #c8c8c8; padding: 0.1em 1em; height: 29px;\" width=\"100px\">21 min<\/td>\n<\/tr>\n<tr>\n<td style=\"background-color: #c8c8c8; padding: 0px; height: 29px;\" width=\"87%\"><a style=\"display: block; margin: 1px; width: 100%; height: 100%;\" href=\"https:\/\/blenderhilfe.de\/?p=1464\" target=\"_blank\" rel=\"noopener noreferrer\"> Analyse 5 &#8211; An der Burg Set-Extension, Compositing, Camerashake <img src=\"https:\/\/blenderhilfe.de\/ftp_uploads\/kostenlos.png\" alt=\"\" align=\"right\"><\/a><\/td>\n<td style=\"background-color: #c8c8c8; padding: 0.1em 1em; height: 29px;\" width=\"100px\">16 min<\/td>\n<\/tr>\n<\/tbody>\n<\/table>\n<h4>UPDATES zur Serie<\/h4>\n<table style=\"border-collapse: collapse; border: 1px solid #999;\" border=\"1\">\n<tbody>\n<tr>\n<td style=\"background-color: #c8c8c8; padding: 0px; height: 29px;\" width=\"87%\"><a style=\"display: block; margin: 1px; width: 100%; height: 100%;\" href=\"https:\/\/blenderhilfe.de\/?p=1729\" target=\"_blank\" rel=\"noopener noreferrer\"> VFX Update &#8211; Cycles \u2013 VFX Shadow Compositing <img src=\"https:\/\/blenderhilfe.de\/ftp_uploads\/kostenlos.png\" alt=\"\" align=\"right\"><\/a><\/td>\n<td style=\"background-color: #c8c8c8; padding: 0.1em 1em; height: 29px;\" width=\"100px\">19 min<\/td>\n<\/tr>\n<tr>\n<td style=\"background-color: #c8c8c8; padding: 0px; height: 29px;\" width=\"87%\">&nbsp;<\/td>\n<td style=\"background-color: #c8c8c8; padding: 0.1em 1em; height: 29px;\" width=\"100px\">&nbsp;<\/td>\n<\/tr>\n<\/tbody>\n<\/table>\n<h4>wenn du Fragen zu Blender, zur Serie oder Bestellung hast <span style=\"color: #0000ff;\"><a title=\"Kontakt\" href=\"https:\/\/blenderhilfe.de\/?page_id=126\" target=\"_blank\" rel=\"noopener noreferrer\"><span style=\"color: #0000ff;\">schreib mir<\/span><\/a><\/span><\/h4>\n","protected":false},"excerpt":{"rendered":"<h4 style=\"text-align: left;\"><strong>visuelle Effekte und digitale Filmproduktion<\/strong><\/h4>\n<ul>\n<li>32 Tutorials = 13 Stunden Laufzeit<\/li>\n<li>erstellt mit Blender Version 2.7 &#8211; kann auch in der aktuellen Version 3.x verwendet werden<\/li>\n<li>unkomplizierte kostenlose Hilfe per Mail<\/li>\n<li>Extras: Videomaterial, Texturen und Effekte<\/li>\n<li>verwendete freie Software: Blender 3D, Gimp<\/li>\n<\/ul>\n","protected":false},"featured_media":2411,"comment_status":"open","ping_status":"closed","template":"","meta":{"ngg_post_thumbnail":0},"product_cat":[165],"product_tag":[],"_links":{"self":[{"href":"https:\/\/blenderhilfe.de\/index.php?rest_route=\/wp\/v2\/product\/2410"}],"collection":[{"href":"https:\/\/blenderhilfe.de\/index.php?rest_route=\/wp\/v2\/product"}],"about":[{"href":"https:\/\/blenderhilfe.de\/index.php?rest_route=\/wp\/v2\/types\/product"}],"replies":[{"embeddable":true,"href":"https:\/\/blenderhilfe.de\/index.php?rest_route=%2Fwp%2Fv2%2Fcomments&post=2410"}],"wp:featuredmedia":[{"embeddable":true,"href":"https:\/\/blenderhilfe.de\/index.php?rest_route=\/wp\/v2\/media\/2411"}],"wp:attachment":[{"href":"https:\/\/blenderhilfe.de\/index.php?rest_route=%2Fwp%2Fv2%2Fmedia&parent=2410"}],"wp:term":[{"taxonomy":"product_cat","embeddable":true,"href":"https:\/\/blenderhilfe.de\/index.php?rest_route=%2Fwp%2Fv2%2Fproduct_cat&post=2410"},{"taxonomy":"product_tag","embeddable":true,"href":"https:\/\/blenderhilfe.de\/index.php?rest_route=%2Fwp%2Fv2%2Fproduct_tag&post=2410"}],"curies":[{"name":"wp","href":"https:\/\/api.w.org\/{rel}","templated":true}]}}