{"id":4890,"date":"2015-12-13T18:41:30","date_gmt":"2015-12-13T17:41:30","guid":{"rendered":"http:\/\/blenderhilfe.de\/?page_id=4890"},"modified":"2020-12-02T16:37:52","modified_gmt":"2020-12-02T15:37:52","slug":"spenden","status":"publish","type":"page","link":"https:\/\/blenderhilfe.de\/?page_id=4890","title":{"rendered":"Spendenaufruf"},"content":{"rendered":"<table style=\"border-collapse: collapse; border: 0px solid #fff;\" border=\"0\">\n<tbody>\n<tr>\n<td width=\"15%\"><img loading=\"lazy\" src=\"https:\/\/blenderhilfe.de\/wp-content\/uploads\/2010\/12\/tobi6.jpg\" alt=\"Tobi\" height=\"200\" width=\"93\"><\/td>\n<td><strong>blenderHilfe.de <\/strong>existiert nun Dank eurer tollen Unterst\u00fctzung seit fast 10 Jahren. <br>Ich ver\u00f6ffentliche etwa die H\u00e4lfte meiner Tutorials kostenlos auf meiner Website und auf Youtube. Aus gesundheitlichen Gr\u00fcnden und wegen der allgemeinen Lage habe ich momentan leider finanzielle Engp\u00e4sse. <br>Um blenderHilfe weiterf\u00fchren zu k\u00f6nnen, m\u00f6chte ich dich deshalb bitten eine Spende f\u00fcr meine freien Inhalte abzugeben oder etwas in meinem <a title=\"zum Shop\" href=\"https:\/\/blenderhilfe.de\/?post_type=product\">Shop<\/a> zu kaufen. <br><strong>Herzlichen Dank. Tobi<\/strong><\/td>\n<\/tr>\n<\/tbody>\n<\/table>\n\n\n<h2>Spende per Paypal<\/h2>\n\n\n\n<form action=\"https:\/\/www.paypal.com\/cgi-bin\/webscr\" method=\"post\" target=\"_top\"><input name=\"cmd\" value=\"_s-xclick\" type=\"hidden\"><br><input name=\"hosted_button_id\" value=\"8ES4KTA2A6N6Q\" type=\"hidden\"><input alt=\"Jetzt einfach, schnell und sicher online bezahlen \u2013 mit PayPal.\" name=\"submit\" src=\"https:\/\/www.paypalobjects.com\/de_DE\/DE\/i\/btn\/btn_donateCC_LG.gif\" type=\"image\"><br><img loading=\"lazy\" src=\"https:\/\/www.paypalobjects.com\/de_DE\/i\/scr\/pixel.gif\" alt=\"\" border=\"0\" height=\"1\" width=\"1\"><\/form>\n\n\n\n<h2>Spende per \u00dcberweisung<\/h2>\n\n\n\n<figure class=\"wp-block-image size-large is-resized\"><img loading=\"lazy\" src=\"https:\/\/blenderhilfe.de\/wp-content\/uploads\/2015\/12\/blenderhilfe_bankverb.jpg\" alt=\"\" class=\"wp-image-4910\" width=\"518\" height=\"138\" srcset=\"https:\/\/blenderhilfe.de\/wp-content\/uploads\/2015\/12\/blenderhilfe_bankverb.jpg 600w, https:\/\/blenderhilfe.de\/wp-content\/uploads\/2015\/12\/blenderhilfe_bankverb-324x86.jpg 324w, https:\/\/blenderhilfe.de\/wp-content\/uploads\/2015\/12\/blenderhilfe_bankverb-416x111.jpg 416w, https:\/\/blenderhilfe.de\/wp-content\/uploads\/2015\/12\/blenderhilfe_bankverb-200x53.jpg 200w, https:\/\/blenderhilfe.de\/wp-content\/uploads\/2015\/12\/blenderhilfe_bankverb-300x80.jpg 300w\" sizes=\"(max-width: 518px) 100vw, 518px\" \/><\/figure>\n\n\n\n<h2>oder unterst\u00fctze mich mit einem Kauf<\/h2>\n\n\n\n<div class=\"wp-block-buttons alignleft\">\n<div class=\"wp-block-button\"><a class=\"wp-block-button__link has-vivid-cyan-blue-background-color has-background\" href=\"https:\/\/blenderhilfe.de\/?post_type=product\" style=\"border-radius:6px\">zum blenderHilfe Shop<\/a><\/div>\n<\/div>\n\n\n\n<h3 class=\"has-text-align-left\"><\/h3>\n\n\n\n<hr class=\"wp-block-separator\"\/>\n\n\n\n<p><strong>bei Fragen kannst du mich gerne <a rel=\"noreferrer noopener\" target=\"_blank\" href=\"https:\/\/blenderhilfe.de\/?page_id=126\">hier kontaktieren<\/a><\/strong><\/p>\n\n\n\n<h3 id=\"block-d454a796-2565-4644-b6e2-5b6478fc9cbc\"><strong>herzlichen Dank f\u00fcr deine Unterst\u00fctzung!<br>Liebe Gr\u00fc\u00dfe, Tobi<\/strong><\/h3>\n","protected":false},"excerpt":{"rendered":"<p>blenderHilfe.de existiert nun Dank eurer tollen Unterst\u00fctzung seit fast 10 Jahren. Ich ver\u00f6ffentliche etwa die H\u00e4lfte meiner Tutorials kostenlos auf meiner Website und auf Youtube. Aus gesundheitlichen Gr\u00fcnden und wegen der allgemeinen Lage habe ich momentan leider finanzielle Engp\u00e4sse. Um blenderHilfe weiterf\u00fchren zu k\u00f6nnen, m\u00f6chte ich dich deshalb bitten eine Spende f\u00fcr meine freien Inhalte [&hellip;]<\/p>\n","protected":false},"author":1,"featured_media":0,"parent":0,"menu_order":0,"comment_status":"open","ping_status":"open","template":"","meta":{"ngg_post_thumbnail":0},"_links":{"self":[{"href":"https:\/\/blenderhilfe.de\/index.php?rest_route=\/wp\/v2\/pages\/4890"}],"collection":[{"href":"https:\/\/blenderhilfe.de\/index.php?rest_route=\/wp\/v2\/pages"}],"about":[{"href":"https:\/\/blenderhilfe.de\/index.php?rest_route=\/wp\/v2\/types\/page"}],"author":[{"embeddable":true,"href":"https:\/\/blenderhilfe.de\/index.php?rest_route=\/wp\/v2\/users\/1"}],"replies":[{"embeddable":true,"href":"https:\/\/blenderhilfe.de\/index.php?rest_route=%2Fwp%2Fv2%2Fcomments&post=4890"}],"version-history":[{"count":0,"href":"https:\/\/blenderhilfe.de\/index.php?rest_route=\/wp\/v2\/pages\/4890\/revisions"}],"wp:attachment":[{"href":"https:\/\/blenderhilfe.de\/index.php?rest_route=%2Fwp%2Fv2%2Fmedia&parent=4890"}],"curies":[{"name":"wp","href":"https:\/\/api.w.org\/{rel}","templated":true}]}}