{"id":1662,"date":"2013-09-29T13:55:03","date_gmt":"2013-09-29T12:55:03","guid":{"rendered":"http:\/\/blenderhilfe.de\/?page_id=1662"},"modified":"2023-01-25T13:58:06","modified_gmt":"2023-01-25T12:58:06","slug":"blender-support","status":"publish","type":"page","link":"https:\/\/blenderhilfe.de\/?page_id=1662","title":{"rendered":"Coaching, Support, Auftragsarbeiten"},"content":{"rendered":"<p>3D-Modellierung, Animation, Rigging, Visualisierung, Game Design, 3D-Druck, Automatisierung\/Scripting, u.v.m.<br \/>\nIch habe Erfahrung in allen Bereichen rund um das Thema 3D.<\/p>\n<h3><strong>Coaching &amp; Support<br \/>\n<\/strong><\/h3>\n<ul>\n<li>unkomplizierte Hilfe \u00fcber Skype&nbsp; (mit Bildschirm\u00fcbertragung)<\/li>\n<li>individuelles Training\/Weiterbildung rund um Blender<\/li>\n<li>gezielte Unterst\u00fctzung beim Umstieg oder Einstieg in Blender<\/li>\n<li>gemeinsames L\u00f6sen von bestimmten Problemen oder Aufgaben<\/li>\n<\/ul>\n<h3><strong>Auftragsarbeiten<br \/>\n<\/strong><\/h3>\n<p>ich \u00fcbernehme gerne kleine\/mittlere Auftragsarbeiten in allen Bereichen rund um 3D, Animation, Grafik, Vertonung und Musikproduktion oder unterst\u00fctze dich tatkr\u00e4ftig bei der Umsetzung deines Projekts.<br \/>\nDas l\u00e4sst sich auch mit Coaching verbinden. Das heisst ich realisiere deinen Auftrag und erkl\u00e4re dir live via Skype und Bildschirm\u00fcbertragung was ich genau mache und warum, so lernst du gleichzeitig etwas falls du das m\u00f6chtest.<\/p>\n<h3><strong>Preise<\/strong><\/h3>\n<p>39,00 Euro pro Stunde Netto&nbsp; \/&nbsp;&nbsp; 46,41 Euro Brutto<\/p>\n<h3><strong>Kontakt<br \/>\n<\/strong><\/h3>\n<h4>schreib mir &#8211; oder ruf mich an unter 089 2032 8740&nbsp;<\/h4>\n<div role=\"form\" class=\"wpcf7\" id=\"wpcf7-f2564-o1\" lang=\"de-DE\" dir=\"ltr\">\n<div class=\"screen-reader-response\"><p role=\"status\" aria-live=\"polite\" aria-atomic=\"true\"><\/p> <ul><\/ul><\/div>\n<form action=\"\/index.php?rest_route=%2Fwp%2Fv2%2Fpages%2F1662#wpcf7-f2564-o1\" method=\"post\" class=\"wpcf7-form init\" enctype=\"multipart\/form-data\" novalidate=\"novalidate\" data-status=\"init\">\n<div style=\"display: none;\">\n<input type=\"hidden\" name=\"_wpcf7\" value=\"2564\" \/>\n<input type=\"hidden\" name=\"_wpcf7_version\" value=\"5.5.2\" \/>\n<input type=\"hidden\" name=\"_wpcf7_locale\" value=\"de_DE\" \/>\n<input type=\"hidden\" name=\"_wpcf7_unit_tag\" value=\"wpcf7-f2564-o1\" \/>\n<input type=\"hidden\" name=\"_wpcf7_container_post\" value=\"0\" \/>\n<input type=\"hidden\" name=\"_wpcf7_posted_data_hash\" value=\"\" \/>\n<\/div>\n<p><span id=\"wpcf7-69e316e784385-wrapper\" class=\"wpcf7-form-control-wrap mailadress1-wrap\" style=\"display:none !important; visibility:hidden !important;\"><label for=\"wpcf7-69e316e784385-field\" class=\"hp-message\">Bitte lasse dieses Feld leer.<\/label><input id=\"wpcf7-69e316e784385-field\"  class=\"wpcf7-form-control wpcf7-text\" type=\"text\" name=\"mailadress1\" value=\"\" size=\"40\" tabindex=\"-1\" autocomplete=\"new-password\" \/><\/span><\/p>\n<p><strong>Dein Name<\/strong> (Pflichtfeld)<br \/>\n    <span class=\"wpcf7-form-control-wrap your-name\"><input type=\"text\" name=\"your-name\" value=\"\" size=\"40\" class=\"wpcf7-form-control wpcf7-text wpcf7-validates-as-required\" aria-required=\"true\" aria-invalid=\"false\" \/><\/span> <\/p>\n<p><strong>Deine E-Mail-Adresse<\/strong> (Pflichtfeld - bitte genau pr\u00fcfen)<br \/>\n    <span class=\"wpcf7-form-control-wrap your-email\"><input type=\"email\" name=\"your-email\" value=\"\" size=\"40\" class=\"wpcf7-form-control wpcf7-text wpcf7-email wpcf7-validates-as-required wpcf7-validates-as-email\" aria-required=\"true\" aria-invalid=\"false\" \/><\/span> <\/p>\n<p><strong>Betreff<\/strong><br \/>\n    <span class=\"wpcf7-form-control-wrap your-subject\"><input type=\"text\" name=\"your-subject\" value=\"\" size=\"40\" class=\"wpcf7-form-control wpcf7-text\" aria-invalid=\"false\" \/><\/span> <\/p>\n<p><strong>Deine Nachricht<\/strong><br \/>\n    <span class=\"wpcf7-form-control-wrap your-message\"><textarea name=\"your-message\" cols=\"40\" rows=\"10\" class=\"wpcf7-form-control wpcf7-textarea\" aria-invalid=\"false\"><\/textarea><\/span> <\/p>\n<p>Datei anh\u00e4ngen (max 15 MB) - erlaubte Formate: blend,zip,7z,png,jpg,jpeg,avi,mp4<br \/>\n    <span class=\"wpcf7-form-control-wrap file-944\"><input type=\"file\" name=\"file-944\" size=\"40\" class=\"wpcf7-form-control wpcf7-file\" accept=\".blend,.zip,.7z,.png,.jpg,.jpeg,.avi,.mp4\" aria-invalid=\"false\" \/><\/span> <\/p>\n<p><strong>zum Spamschutz<\/strong><br \/>\n<span class=\"wpcf7-form-control-wrap AntiSpam\"><label><span class=\"wpcf7-quiz-label\">Berechne: 3 + 6 =<\/span> <input type=\"text\" name=\"AntiSpam\" size=\"40\" class=\"wpcf7-form-control wpcf7-quiz\" autocomplete=\"off\" aria-required=\"true\" aria-invalid=\"false\" \/><\/label><input type=\"hidden\" name=\"_wpcf7_quiz_answer_AntiSpam\" value=\"06d2c2fddcfc3dfb3a299ace73d54dfd\" \/><\/span> <\/p>\n<p><input type=\"submit\" value=\"Jetzt Senden\" class=\"wpcf7-form-control has-spinner wpcf7-submit\" \/><\/p>\n<div class=\"wpcf7-response-output\" aria-hidden=\"true\"><\/div><\/form><\/div>\n","protected":false},"excerpt":{"rendered":"<p>3D-Modellierung, Animation, Rigging, Visualisierung, Game Design, 3D-Druck, Automatisierung\/Scripting, u.v.m. Ich habe Erfahrung in allen Bereichen rund um das Thema 3D. Coaching &amp; Support unkomplizierte Hilfe \u00fcber Skype&nbsp; (mit Bildschirm\u00fcbertragung) individuelles Training\/Weiterbildung rund um Blender gezielte Unterst\u00fctzung beim Umstieg oder Einstieg in Blender gemeinsames L\u00f6sen von bestimmten Problemen oder Aufgaben Auftragsarbeiten ich \u00fcbernehme gerne kleine\/mittlere Auftragsarbeiten [&hellip;]<\/p>\n","protected":false},"author":1,"featured_media":0,"parent":0,"menu_order":0,"comment_status":"closed","ping_status":"closed","template":"","meta":{"ngg_post_thumbnail":0},"_links":{"self":[{"href":"https:\/\/blenderhilfe.de\/index.php?rest_route=\/wp\/v2\/pages\/1662"}],"collection":[{"href":"https:\/\/blenderhilfe.de\/index.php?rest_route=\/wp\/v2\/pages"}],"about":[{"href":"https:\/\/blenderhilfe.de\/index.php?rest_route=\/wp\/v2\/types\/page"}],"author":[{"embeddable":true,"href":"https:\/\/blenderhilfe.de\/index.php?rest_route=\/wp\/v2\/users\/1"}],"replies":[{"embeddable":true,"href":"https:\/\/blenderhilfe.de\/index.php?rest_route=%2Fwp%2Fv2%2Fcomments&post=1662"}],"version-history":[{"count":0,"href":"https:\/\/blenderhilfe.de\/index.php?rest_route=\/wp\/v2\/pages\/1662\/revisions"}],"wp:attachment":[{"href":"https:\/\/blenderhilfe.de\/index.php?rest_route=%2Fwp%2Fv2%2Fmedia&parent=1662"}],"curies":[{"name":"wp","href":"https:\/\/api.w.org\/{rel}","templated":true}]}}